) - 7*j(r). Let a = 4 + -6. What is u(a)?
-8
Let u(r) = 3*r**2 + 6 - 4 + 4*r - 2*r**2. Give u(-5).
7
Let h(m) be the third derivative of 5*m**4/12 + m**3/6 + 2*m**2. Let j(c) = c + 8. Suppose -s - 27 = -4*l - 6, -4*s + 5*l = 51. Let i be j(s). What is h(i)?
-9
Let p(k) = -1 + 22*k**2 - 22*k**2 - 4*k**3. Calculate p(1).
-5
Let k(v) = -v**3 - 3*v**2 - 2*v + 2. Let b(u) = -u**3 - 5*u**2 - 3*u + 3. Let z(g) = -5*b(g) + 8*k(g). Suppose -2*r + 4*r - 2 = 0. Calculate z(r).
-2
Let l(z) = z**2 + z - 1. Let q(m) = 4*m**2 - m - 8. Let a(x) = -3*l(x) + q(x). Determine a(4).
-5
Let p(k) = -5*k**2 - 4*k. Let l(c) = c**2 + c. Let o(b) = 4*l(b) + p(b). What is o(0)?
0
Let q(i) = -i**2 + 5*i - 9*i + 3*i + 7*i**3. What is q(-1)?
-7
Let o(n) be the first derivative of n**3/3 + 3*n**2 - 6*n + 10. Calculate o(-6).
-6
Let b(s) = s**3 - s**2 - 2*s + 2. Let l(m) = -m + 8. Let j be l(6). Calculate b(j).
2
Let q = -4 - -24. Suppose -y + 5*y = q. Let z(a) = -5 - a + 1 + 7 + 0*a. Determine z(y).
-2
Let z be (248/20)/((-2)/(-5)). Suppose -5*d - 3*p + z = 0, 2*p = 3*d - 4 - 7. Let i(k) = k**2 - 3*k - 6. What is i(d)?
4
Let h(t) = -3*t - 1. Let z(f) = f. Let k(b) = 3*h(b) + 7*z(b). Suppose -2*w - w + 3*x = 6, -5 = 2*w - x. What is k(w)?
3
Suppose -6*d + 2*d = 20. Let z(y) be the second derivative of 2*y - 1/3*y**3 - 5/2*y**2 + 0. Determine z(d).
5
Let y = -5 - -6. Let p(a) = 5 + 2*a - y - 3*a + 2*a. Determine p(-4).
0
Let k(n) be the second derivative of n**5/20 - n**4/6 - 3*n**2/2 - 2*n. Let g(p) = 4*p**2 - 1. Suppose -3*q - 1 = -4. Let d be g(q). Determine k(d).
6
Let w be (-2)/2 + -4 + 7. Let m(x) be the first derivative of 3*x**2 - 3*x**2 + 3 + 5*x - 4*x + w*x**2. Determine m(1).
5
Let p(k) = -k**3 - k**2 + k - 1. Let b(q) = 5*q**3 + 10*q**2 - 6*q + 11. Let a(o) = -b(o) - 6*p(o). What is a(5)?
20
Let c(h) = h - 13. Let x be c(19). Let k(j) = j**3 - 5*j**2 - 4*j - 5. Calculate k(x).
7
Let d(j) = 2*j**2 - 7*j + 2. Let i(p) = 3*p + 2. Let c be i(-2). Let x(h) = -2*h**2 + 6*h - 1. Let l(f) = c*d(f) - 5*x(f). Determine l(-2).
9
Let w(q) = -2*q**3 - 3*q**2 - 2*q + 2. Let k be w(-2). Let t be (k/(-3))/(4/(-6)). Let c(b) = 1. Let s(p) = -2*p - 1. Let o(z) = 4*c(z) + s(z). Give o(t).
-7
Let v = 11 + -17. Let d(f) = -f**3 - 6*f**2 - 8. Determine d(v).
-8
Suppose 0 = -3*r + 3. Let j(s) = -1 - 30*s + 17*s + 14*s. Let n(b) = -2. Let x(v) = r*j(v) - n(v). What is x(5)?
6
Let a(x) = 3*x**3 + x - 1. Let t be a(1). Let w(i) = -2*i**2 - 2 - 2*i**2 + 2*i + t*i**2. Let s(u) = 4*u - 1. Let m be s(1). Calculate w(m).
-5
Let f(n) = -n**3 + n + 2. Let y be f(0). Suppose 4*j + 0*j = 12. Let w(l) = 0 + 4*l**2 + 2 - j*l - 2*l**2. What is w(y)?
4
Suppose v + 2*o + 26 = -3*v, -5*o - 30 = 5*v. Let s(z) = -z**2 - 10*z - 3. Determine s(v).
18
Suppose -x - 1 = -0*x. Let t(g) = 13*g**3 - 1. Let w be t(x). Let l be w/7 + 7*1. Let a(c) = c**2 - 5*c + 2. Give a(l).
2
Let b(q) be the first derivative of -1 - q - 1/4*q**4 + 0*q**2 + q**3. Let m = -22 - -23. Give b(m).
1
Let u(l) = l**2 + 18*l + 3*l - 3*l + 29 - 5. Let r be u(-16). Let y(x) = x**2 + 8*x - 6. What is y(r)?
-6
Let v(i) = i**3 + 10*i + 7 - 2*i - 9*i**2 + 0*i + 0*i**3. Determine v(8).
7
Let q(s) be the second derivative of s**4/12 - 7*s**3/6 + s**2 + 6*s. Calculate q(3).
-10
Let v(p) be the first derivative of -p**3/3 - 7*p**2/2 - 8*p + 1. Calculate v(-6).
-2
Let v(x) = -5*x - 3. Let c be v(-1). Let z(i) = 3*i**2 - 3*i. What is z(c)?
6
Let h(o) be the first derivative of o**6/60 + o**5/60 - o**4/24 + o**3/3 - 3. Let y(r) be the third derivative of h(r). Calculate y(1).
7
Let r be (34/34)/((-2)/4). Let j(w) = -2*w**3 - 3*w**2 - 2*w. Determine j(r).
8
Suppose 7*g = 4*l + 3*g + 16, -4*l - 4*g = -8. Let w(h) = -5*h**2 - 2*h - 1. Determine w(l).
-4
Let m(a) = 5*a**2 - 1. Let f = -42 - -41. Give m(f).
4
Let d(x) = -14 + 1 - x**3 - 8*x - 10*x**2 + 22. Let k be d(-9). Let z(i) = -i**3 + i**2 - i - 2. Give z(k).
-2
Let s(o) = -6*o**2 - 1. Let r be s(-1). Let j be 2/r - 2/(-7). Let i(k) be the second derivative of -k**5/20 - k**4/12 + k**3/6 - 5*k**2/2 - k. Give i(j).
-5
Let r = 5 - 3. Suppose -12 = -3*b - r*k - 0*k, 0 = -b - 4*k + 14. Suppose c + 13 = -3*z, -5*c + b*z + 7 = -z. Let j(l) = 2*l**2 + l + 1. Calculate j(c).
2
Let b(n) = -9*n - 12. Let u = 40 + -28. Let y(i) = i + 1. Let z(l) = u*y(l) + b(l). What is z(-2)?
-6
Let n be (-49)/(-21) + (-3)/9. Let w(d) = -7*d + 2. Let f(o) = -3*o + 1. Let z(j) = -j + 2. Let g be z(4). Let m(x) = g*w(x) + 5*f(x). Give m(n).
-1
Let s(r) = r - 2. Let p(o) = -3*o - 5 + 5. Let d be p(2). Let a be (-6)/1 + (-6)/d. Give s(a).
-7
Let y(g) = -g**3 - 5*g**2 - 2*g - 11. Let f be y(-5). Let a(c) = 2*c**3 + c**2 + 2*c + 1. Give a(f).
-2
Let i be 2/60*6 - 14/(-5). Let c(t) = -t**3 + 2*t**2 + 2*t + 3. What is c(i)?
0
Let z(x) = -8*x**2 - 2*x - 1. Let l(c) = -c - 10. Let m be l(-9). Determine z(m).
-7
Let v(d) = d**3 - d**2 - d + 4. Let x be v(2). Let k(w) = 2*w - 3. Determine k(x).
9
Let k(g) = g + 9. Let v(u) = 6*u - 8. Let y(s) = 5*s - 8. Let o(w) = -6*v(w) + 7*y(w). Let b(a) = -2*k(a) - 3*o(a). Give b(0).
6
Let g(q) = -q**2 + 4*q + 4. Let b be (-111)/21 - 4/(-14). Let p be 2/(-3)*(-2 - b). Let v be (4 + p)*-1 + 6. Give g(v).
4
Let d(t) = 5 - 2*t**2 + t**2 + 20*t - 16*t. Let s = -1 - -6. What is d(s)?
0
Let v(h) be the second derivative of -h**4/3 - h**2/2 + 7*h. Give v(1).
-5
Let h(p) be the third derivative of 0*p + 1/60*p**5 + 1/6*p**4 + 0 - 2*p**2 - 1/2*p**3. What is h(-5)?
2
Let y(r) = -r - 2. Let t(z) = -z**3 - z**2 - 5. Let f be t(0). What is y(f)?
3
Let x(k) = 6*k. Let j(w) be the first derivative of -w**2 + 11*w + 1. Let p be j(6). Determine x(p).
-6
Let t(w) = 7*w - 6. Suppose 5*m - 9 = -4. Let u(l) = l - 1. Let i(s) = m*t(s) - 6*u(s). Give i(5).
5
Let a(l) = l + 2. Let h = 7 + -10. Let m be 0/(-1 + h + 2). Give a(m).
2
Let m be 2*11*(-2)/(-4). Let r = 13 - m. Let h(f) = -f**3 + 5*f**2 - f - 1. Give h(r).
9
Suppose -7*y + 2*y = 0. Let z(m) = m - 1. Let x(t) = 3*t + 6. Let j = -1 + 0. Let r(d) = j*x(d) + 2*z(d). Calculate r(y).
-8
Let g be 3/((-3)/5)*-1. Let o(p) = -2*p + 6. Calculate o(g).
-4
Let i(z) = 5*z**2 - z**2 - 3*z**2 + 3 + z + 0. Give i(0).
3
Suppose 0 = 3*x + 4*p - 26, -4*x - 2*p + p = -13. Suppose k - x = 3*k. Let a(d) = -5*d - 7*d - 3 + 2 + 21*d. What is a(k)?
-10
Let h be ((-4)/(-14))/((-2)/(-14)). Let f(c) = -21 + 3*c**2 - h*c**2 + 22 - c. Let m be 2 + -4 - (0 - 3). Calculate f(m).
1
Let q(b) be the first derivative of b**2/2 + 21. Determine q(4).
4
Suppose -2*a - q - 5 = -6*a, a - 14 = -4*q. Let t(l) = 3 - 9*l + 2*l + 0 - 11*l**2 + 12*l**a. What is t(6)?
-3
Let f(x) = -x - 1. Let m(z) = -1. Let g(p) = -f(p) + 6*m(p). Determine g(0).
-5
Suppose l + 5 = g, 0 = 5*l - 2*l + 4*g - 13. Let v(c) = 10*c**3 - c**2 + 1. What is v(l)?
-10
Let j(n) = -4*n**3 + n**2 - 3*n + 2. Let r be j(1). Let x(z) = -2*z - 4. Calculate x(r).
4
Let v(p) = p**2 + 5*p - 3. Suppose 5 = 2*x + 5*s - 8, x - s + 11 = 0. Give v(x).
3
Let g(d) = -3*d**3 + 3*d**2 - 2*d + 7. Let h(a) = 13*a**3 - 11*a**2 + 9*a - 28. Let q = -25 + 27. Let f(s) = q*h(s) + 9*g(s). Determine f(5).
7
Let m(j) = 3*j + 3. Let u be m(-5). Let h(p) = -2*p - 11. Give h(u).
13
Let u(q) = -q**2 - q + 6. Suppose 4*i - 8 = 8. Suppose 2*f = 0, f = 2*s - i*s. Determine u(s).
6
Let l(h) = h**3 - 8*h**2 - 1. Let o be l(8). Let r be ((-28)/(-12))/(o/3). Let d(w) = -w**2 - 5*w + 10. Give d(r).
-4
Let t(y) = 2*y**3 + 3*y - 3. Let c(n) = -3*n**3 - 3*n + 3. Let f(s) = s**2 - 7*s + 4. Let m be f(7). Let i(o) = m*t(o) + 3*c(o). Calculate i(2).
-5
Let v(z) = 0*z**2 - 10 + 4*z + 3 - 1 + z**2. Determine v(-6).
4
Let j(t) = 3*t - 8. Let y(d) = -2*d + 5. Let c(w) = 5*j(w) + 8*y(w). Let h(i) = -i**3 - 3*i**2 - 3*i - 1. Let q be h(-3). Suppose -2*f - q = -4*f. What is c(f)?
-4
Let j(x) = -x**2 + 6*x + 5. Suppose 0 = -5*i + 27 + 3. What is j(i)?
5
Let o be (-1)/(15/24*-5 + 3). Let n(u) = -u + 8. Give n(o).
0
Let l(u) be the third derivative of u**6/120 + u**5/15 - u**4/12 - u**3 + 7*u**2. Give l(-4).
2
Let o = 129 - 127. Let v(d) = d**3 - d**2 + d + 1. Calculate v(o).
7
Let r(w) = -5*w - 4. Let f(p) = -11*p - 9. Let c(d) = -6*f(d) + 13*r(d). Let m be c(2). Let z(q) = -q**3 + 3*q**2 + 2*q + 1. Give z(m).
-7
Let j(o) be the third derivative of -o**4/24 + o**3/2 - 3*o**2. Suppose 5*u = -